24 = -4*o, -3*s + 35 = 5*o + 2*s. Suppose o*l - 7*j + 4*j - 157 = 0, 2*j + 153 = 5*l. Calculate the remainder when 260 is divided by l.
28
Let m(r) = 2*r**3 - r**2 - 77*r - 73. Calculate the remainder when m(8) is divided by 141.
130
Let o be (-2)/((-18)/4 - -5). Calculate the remainder when o/(((-24)/(-544))/(-3)) is divided by 91.
90
Calculate the remainder when 681 is divided by 480/2160 - 3182/(-18).
150
Let z(p) = 6*p**2 + 13*p - 52. Let k be z(9). Suppose -2*v - 3*x - 265 = -4*v, 4*v + x = k. What is the remainder when v is divided by 69?
68
Let t(k) = 3*k**2 - 109*k + 259. What is the remainder when 5290 is divided by t(34)?
19
Let b(g) = -266*g - 1844. What is the remainder when 4948 is divided by b(-7)?
16
Suppose -p - 5*u = -12 - 33, u - 45 = -2*p. Suppose d + q = p, 26*d + 94 = 31*d - q. What is the remainder when 141 is divided by d?
8
Let o(v) = -40*v**3 - v**2 - 19*v - 14. Let t(i) = -13*i**3 - 6*i - 4. Let y(l) = 2*o(l) - 7*t(l). Calculate the remainder when y(2) is divided by 16.
8
Let q = -1275 - -1372. Calculate the remainder when q is divided by 43.
11
Suppose 0 = -10*f + 258 + 1712. What is the remainder when f is divided by (-466)/(-14) + (-54)/189?
32
Suppose 2*g - 12 - 240 = 0. Suppose -5*y - g = -2*y. Let p = y - -77. What is the remainder when 139 is divided by p?
34
Let h(t) = -t**3 + 2*t + 1. Let x(z) = 6*z**3 - 4*z**2 - 10*z + 37. Let o(d) = 5*h(d) + x(d). Calculate the remainder when o(0) is divided by 15.
12
Suppose 130 = -j + 5*r + 168, 0 = j + 3*r + 2. Calculate the remainder when 138 is divided by j.
8
Let u be (-20)/(-5) - (3 + -23)/(-5). Suppose 3*h = u, -a + 0*h - 5*h = -158. What is the remainder when a is divided by 10?
8
Let r(o) = 6*o + 216. Let p be r(-12). Suppose -92*s = -98*s + p. What is the remainder when 204 is divided by s?
12
Suppose -19*z - 32*z + 1734 = 0. Let q = -7 - -19. What is the remainder when z is divided by q?
10
Suppose -43 = -5*s + 32. Let g(p) = -p**2 + 9*p + 48. Let t be g(s). Let h = t + 50. What is the remainder when 46 is divided by h?
6
Suppose 2*q - 284 = -14. Suppose -2*s + l + 57 = 0, -16*l = -s + 22 + 146. Calculate the remainder when q is divided by s.
15
Suppose -4*g - 3*h - 1048 = 196, -2*h = -5*g - 1578. Let l = 463 + g. Let a(i) = -i + 41. Calculate the remainder when l is divided by a(16).
24
Calculate the remainder when (-15060)/(-18) - 68/(-51) is divided by 18.
10
Let l = -33 - -173. What is the remainder when l is divided by -142*(-1)/16*4*2?
69
Suppose -2*s + r = s - 74, -s + 26 = r. Suppose 7*u = -3666 + 4359. Calculate the remainder when u is divided by s.
24
Let q = 333 - 340. Calculate the remainder when (-2*106/q)/(122/427) is divided by 22.
18
Let x be ((-9)/(-54) + 4/(-6))*0. Let h be (-5 - -3)/1 + -40 - x. What is the remainder when (-1384)/(-20) + (h/(-15) - 2) is divided by 6?
4
Let b(j) = 7*j**2 - 3*j - 1. Suppose 0 = g - 4*g + 9. What is the remainder when b(g) is divided by (-6 - 406/(-49))/((-120)/(-420))?
5
Calculate the remainder when 1919/(-101)*346/(-1) is divided by 3279.
16
Suppose 183*h - 12048 - 6459 = 4917. Calculate the remainder when h is divided by 5.
3
What is the remainder when 6*(76/(-114))/((-8)/174) is divided by 5?
2
Suppose 567 = 15*v - 9*v + 15*v. What is the remainder when 318 is divided by v?
21
Calculate the remainder when 15 + (-23)/(161/(-1239)) is divided by 25.
17
Let c(a) = a**2 - 19*a - 1. Let y = -731 - -850. Calculate the remainder when y is divided by c(21).
37
Let v be (-2)/4 - (-11)/2. Suppose -6*b = -v*b - 15. Let r(a) = -a**3 - 149*a**2 - 600*a - 2871. What is the remainder when r(-145) is divided by b?
14
Let k(j) = 3*j + 2 - 5 + 0*j - 10. What is the remainder when 37 - (14/(-2) + 5) is divided by k(7)?
7
Suppose -27*n + 4633 + 5735 = 0. Calculate the remainder when n is divided by 9.
6
Let v = -5430 + 6126. What is the remainder when v is divided by 17?
16
Let h(x) = -x**2 + 76*x - 417. Calculate the remainder when 459 is divided by h(7).
63
Let u(r) = r**3 - 26*r**2 - 23*r + 1431. Calculate the remainder when u(25) is divided by 39.
36
Let k(d) = -d**2 + 113*d - 1724. What is the remainder when 2854 is divided by k(20)?
134
Let j(x) = -57 + 20*x**2 - 29*x - 17*x + x**3 - 2*x**3 + 70*x. What is the remainder when 28 is divided by j(21)?
4
Let l(q) = 3*q**3 - 17*q**2 + 71*q - 31. Calculate the remainder when l(6) is divided by 58.
25
Let p = 1992 - 1984. Let i = 17 - -26. What is the remainder when i is divided by p?
3
Suppose 5796 = 217*m + 105*m. Calculate the remainder when 275 is divided by m.
5
Let u = -129 - -233. Let a = -77 - -117. Calculate the remainder when u is divided by a.
24
Suppose -3*a + 157 = 2*y - 6*a, -4*a = -3*y + 234. Let b = 167 + -132. Suppose -2*d + b = -3. Calculate the remainder when y is divided by d.
17
Suppose h + 7 = c, -2*c - 11 + 25 = h. Let g(d) = 8*d**2 - 6*d - 24. Let y be g(c). Let q = -193 + y. Calculate the remainder when q is divided by 34.
31
Let k(s) = -s**3 - s**2 - 4*s - 5. Let r be k(-3). Let i be 5*(4 - (-180)/r). Let x = i + -15. Calculate the remainder when x is divided by 22.
19
Let y(j) = -7*j + 1. Let a(v) = -v**3 + 3*v**2 + 1. Let c be a(3). Let w be y(c). Calculate the remainder when 11 is divided by (-25)/w + (-5)/30.
3
Let u(o) = o**3 + 4*o**2 - 5*o - 6. Suppose 596 = 2*b - 2*j, 16603 = -3*b + 5*j + 17479. What is the remainder when b is divided by u(-4)?
13
Calculate the remainder when 2494 is divided by (250/(-8))/(329/(-1316)).
119
Suppose -5*y + 4486 = -45*t + 44*t, 890 = y - 2*t. What is the remainder when y is divided by 234?
196
Suppose 202*n - 3375 = 261. Let v(y) = -y**3 - y**2 - y + 53. What is the remainder when v(0) is divided by n?
17
Suppose 510*y = 996*y - 507*y + 336. Calculate the remainder when 140 is divided by y.
12
Let u = -69 + 123. Let b = -76 - -82. Suppose -b*r - u = -9*r. What is the remainder when 35 is divided by r?
17
Let r = 43166 - 37271. Calculate the remainder when r is divided by 54.
9
Suppose 16 = 354*g - 346*g. Calculate the remainder when 0 + (-162)/(-2) + -1 is divided by 474/79*9/g.
26
Let d(p) = -p**2 - 41*p + 230. What is the remainder when d(-22) is divided by 317?
14
Let n(l) = -7*l + 163. Calculate the remainder when n(-24) is divided by 2.
1
Suppose -254*h - 29422 = -147786. Calculate the remainder when h is divided by 9.
7
Suppose 1337*d = 1329*d + 1216. Suppose a - 10*l - 25 = -8*l, 0 = -4*a - 5*l + d. Calculate the remainder when 263 is divided by a.
32
Suppose 0 = -5*x - 5*s + 245, 14*x - 11*x = 2*s + 157. Calculate the remainder when 252 is divided by x.
48
Let s = -4249 - -4266. Let z(h) = 2*h**2 + 7*h - 7. Calculate the remainder when z(-8) is divided by s.
14
Calculate the remainder when (-28)/70 + (-6535)/(-25) is divided by 62.
13
Let u = -235 - -187. What is the remainder when (29/(-116))/(2/u) is divided by 6?
0
Let c(k) = -277*k + 1723. Suppose 4*l + 79 = y, 5*y + 215 = -l + 652. Calculate the remainder when c(5) is divided by y.
77
Suppose 104*j - 63*j - 2814 = 1204. Calculate the remainder when 254 is divided by j.
58
Calculate the remainder when -27 - -22 - 1813/(-37) is divided by (1 - -7)*(1 + 1).
12
Suppose 0 = 4*s - 8, 2*j + 3*s - 462 = 5*s. Suppose -51 + j = 7*f. Calculate the remainder when 41 is divided by f.
15
Suppose -3*k + 143 - 47 = 3*a, -2*a + k = -64. Let g(c) = 7*c - 532. Calculate the remainder when g(89) is divided by a.
27
Let i = -417 + 974. Let p = 44 + -9. Calculate the remainder when i is divided by p.
32
Calculate the remainder when 60 is divided by (-2)/6 - (-11 + 272/(-6)).
4
Let d = 8979 - 8674. Calculate the remainder when 1514 is divided by d.
294
Let h be (-10)/14 - 56/196. Let s(n) = n + 12. What is the remainder when s(h) is divided by ((-10)/8)/(3/(-12))?
1
Let m(j) = 3*j**3 - 8*j**2 + 2*j - 5. Let s be m(3). Suppose 77 = 2*c - 3*i - s, 3*i = -c + 57. What is the remainder when c is divided by 14?
6
Let d(b) = -b - 10. Let k be d(-15). Calculate the remainder when k - (-18 + 9 + -290) is divided by 28.
24
Let b = -201 + 210. Let a(r) = -r**3 - 17*r**2 + 3. Let c be a(-17). Suppose -w + 37 = h - 18, -2*w = -c*h - 90. Calculate the remainder when w is divided by b.
6
Let n = -738 + 745. What is the remainder when 2 is divided by (n + -16)/(-27)*3?
0
Suppose 0 = -